-b**3 + b**2 + b - 5. Let q be l(0). Let f = 9 + q. Let w(y) = 4*y - 6. List the prime factors of w(f).
2, 5
Suppose q + 0 - 1 = 0. Let l = 6 - q. Suppose -4*j = -l - 11. List the prime factors of j.
2
Let u be 2*2*(-44)/8. Let w = u - -16. Let r = w - -13. What are the prime factors of r?
7
Let k = 188 + -104. What are the prime factors of k?
2, 3, 7
Let v(m) = -1. Let b(a) = 2*a**2 + 5*a + 5. Let h(n) = b(n) + 3*v(n). What are the prime factors of h(-3)?
5
Suppose 4*m = -60 - 84. Let r be ((-1)/(-2))/((-3)/m). List the prime factors of (-1 + 0)/((-1)/r).
2, 3
Let x(h) = 6*h**3 - 1. What are the prime factors of x(2)?
47
Let s(f) = -f**2 + f. Let v be s(0). List the prime factors of 0 + v + -1 + 6.
5
List the prime factors of (46 - 1)/((-42)/12 - -5).
2, 3, 5
Let c = 13 - -29. Suppose -5*l + 46 = -l - 2*a, -4*a = -3*l + c. List the prime factors of l.
2, 5
Let g(h) = 4*h**3 - 3*h**2 + 3*h + 5. Let f(b) = b**3 + b**2 - 1. Let r(k) = 5*f(k) - g(k). Let z be 1 + (-1 - (9 + -1)). List the prime factors of r(z).
2, 7
Let x be (-6)/(-21) + (-446)/(-7). Suppose -4*s + x = -2*h, s + 2*h = -0*h + 11. List the prime factors of s.
3, 5
Suppose -3*c + 3*q = 5*q - 44, 0 = 4*c - 4*q - 72. What are the prime factors of c?
2
Let r = 5 - 3. Let h(q) = q**3 - 2*q**2 + 3*q - 3. List the prime factors of h(r).
3
Let v be (-86)/(-6) - 8/24. List the prime factors of ((-63)/v)/((-2)/4).
3
Suppose 34 = -2*l + 2. Let q = l - -24. Let n = 2 + q. List the prime factors of n.
2, 5
Suppose 0 = -5*p + 7*p - 246. What are the prime factors of p?
3, 41
List the prime factors of 4*3/54 - 718/(-9).
2, 5
Let x = -11 + 22. Let u = x + -7. What are the prime factors of u?
2
Suppose 0 = 3*r + 30 + 12. Let s = 25 + r. What are the prime factors of s?
11
Suppose -5*j = -7*j + 28. Let r = -7 + j. List the prime factors of r.
7
Let k(w) = w - 1. Let m be k(2). Let l be m/3 - 1/3. Suppose l*o + 27 = 3*o. What are the prime factors of o?
3
Let y = 303 - 163. List the prime factors of y.
2, 5, 7
Suppose 2*d = 4*d - 22. Suppose s + 4*a = a - 12, 4*s - 3*a = 12. Suppose -k = -s*k - d. List the prime factors of k.
11
Let m(n) = n**2 - 3*n - 2. What are the prime factors of m(-6)?
2, 13
Suppose 3*x - 3 = 9. Suppose 0*k + 5*k = f - 29, 5*f - x*k = 40. List the prime factors of f.
2
Let r be (-5)/((-10)/12) + -2. Suppose 4*j = 4 + 8. Suppose -8 = -r*o + 3*o - b, j*o + 4*b = 24. List the prime factors of o.
2
Suppose -w + 14 = 2*z, 2*w + z + 11 = 6*w. Suppose -4*t = -w*d - 56, -d - d = -4*t + 48. List the prime factors of t.
2, 5
Let u(m) = 7*m**3. Let y be 0/2*(-4)/(-8). Suppose -4 = 5*n + 3*f, -4*n + n - 2*f - 3 = y. List the prime factors of u(n).
7
Let n = -16 - -11. Let c be (n - -6)/((-1)/(-5)). Suppose 0 = c*i + 4 - 44. What are the prime factors of i?
2
Let g(c) = -2*c**3 + 2*c**2 + 3*c - 3. Let s be g(2). Let y(m) = m**3 + 5*m**2 - 2*m + 2. List the prime factors of y(s).
2, 3
Let a = -8 - 6. Let u = 24 + a. List the prime factors of u.
2, 5
Let l = 465 + -302. What are the prime factors of l?
163
Let y = 34 - 6. Suppose -4*v + y = 8. Let x = -1 + v. What are the prime factors of x?
2
Let s be 12/(-30) + 117/5. Let c = s - 21. What are the prime factors of c?
2
Suppose 0 = 2*p + 5*s - 226, -2*p - 5*s + 442 = 2*p. Suppose 0 = 3*g + 36 - p. What are the prime factors of g?
2, 3
Let v(l) = l**2 - 2*l - 3. Let m be v(-6). Let y = m + -31. What are the prime factors of y?
2, 7
Let j(k) = k**3 + 5*k**2 - k - 1. Let z(q) = -1. Let r(y) = j(y) + 5*z(y). What are the prime factors of r(-4)?
2, 7
Let m be (-1)/(-4) - 58/8. Let k be m*(-1 - 0/(-3)). Let c(d) = 3*d - 9. What are the prime factors of c(k)?
2, 3
Let z = -26 + 12. Let u = -10 - z. Let r = u + 1. List the prime factors of r.
5
Let h(m) = m - 7. Let r be h(10). Suppose 4*c = -r*d + 11, d - 17 = -4*c - 0*d. What are the prime factors of c?
5
Let g(b) = 4*b + 1. List the prime factors of g(6).
5
Let v = -2 + 2. Suppose 0 = 2*b - 0*b + 2*q, -3*q - 6 = v. What are the prime factors of b?
2
Suppose 33 = f + 2*p - 2, f - 4*p - 47 = 0. What are the prime factors of f?
3, 13
Let x(o) = o**2 + o + 4. Let l be x(-2). What are the prime factors of 15/l*2/1?
5
List the prime factors of -4 + 8/3*36.
2, 23
Suppose 0 = -q + 12*q - 3014. What are the prime factors of q?
2, 137
Let l be (12 + 8)*(-7)/(-4). Let r = l - 17. List the prime factors of r.
2, 3
Let d(t) = -t**3 - 7*t**2 + 1. Let j be d(-7). Suppose 6*c - c + 30 = 0. Let b = j - c. What are the prime factors of b?
7
Suppose -2*i = -6*i + 104. List the prime factors of i.
2, 13
Suppose -3*k - 31 = 11. Let t be (20/(-6))/((-1)/6). Let s = t + k. What are the prime factors of s?
2, 3
Let l = 4 + -2. Suppose l = o - 0*o. Suppose -j - 9 = -g, 6*j = -2*g + o*j + 30. List the prime factors of g.
11
Suppose 3*q - 1032 = -3*l - l, 0 = 4*l - 2*q - 1032. What are the prime factors of l?
2, 3, 43
Let t be ((-6)/(-7))/((-5)/(-105)). Let x = -11 + t. What are the prime factors of x?
7
Let w(c) = -c**3 + 4*c**2 + 7*c - 4. Let p be w(5). What are the prime factors of (0 - 0) + p + -4?
2
Suppose -2*n - 12 - 2 = 0. Let a = n - -17. List the prime factors of a.
2, 5
Let i = 51 + -34. List the prime factors of i.
17
Let w(q) = 3*q**2 - 6*q - 3. Suppose 2*j + j + 12 = 0. Let p be w(j). Suppose -2*g - 4*f + 3*f + 27 = 0, -p = -4*g - 5*f. List the prime factors of g.
11
Suppose 4*n = -20, 4*r + 12 - 37 = 5*n. Suppose -8*u + 3*u + 95 = r. List the prime factors of u.
19
Suppose 5*m + 35 = 5*u - 0*m, 5*m + 25 = 0. Suppose -u*b + b = -5, g - 20 = -3*b. List the prime factors of g.
5
Suppose -3*g - 4 - 2 = -3*r, 3*g = 0. Let t = -6 - -9. Suppose -2*j + 26 = -3*y, -t*j + 4*y = r*j - 51. What are the prime factors of j?
7
Suppose 4*y - 4 = 5*x + 3, 13 = x + 4*y. Suppose g - x = 1. Suppose -g*l - 6 = -3*l. What are the prime factors of l?
2, 3
List the prime factors of (-2)/4 + (-915)/(-10).
7, 13
Let u be -1*9/(0 + -3). Let m = u + -1. Suppose 0*q + 13 = d - q, m*d - 5*q = 20. What are the prime factors of d?
3, 5
List the prime factors of ((-18)/27)/((-4)/702).
3, 13
What are the prime factors of (-450)/(-8) + (-9)/(-12)?
3, 19
Let l = 66 - 34. What are the prime factors of l?
2
Let x be 2 + 0 + 11 + -1. Let m be (x/9)/(4/6). Let k = m + 8. What are the prime factors of k?
2, 5
Suppose 7*a = 2*a + 45. Let j(q) be the third derivative of q**5/60 - q**4/3 + q**3/6 + 13*q**2. List the prime factors of j(a).
2, 5
Let q = -5 - 0. Let d(a) = -4*a - 5. What are the prime factors of d(q)?
3, 5
Let q(j) = j**3 - j**2 - j + 5. Let x be q(0). Let n(a) = a - 1. Let u be n(x). Let v(r) = 4*r - 5. List the prime factors of v(u).
11
Let n(j) = 5*j. Let k be n(4). Suppose -4*t - w + 5*w - k = 0, 5*t + w - 5 = 0. Suppose t - 13 = -y. What are the prime factors of y?
13
Suppose 2*k + 0 = 8. Suppose 0 = 5*c + 4*n + 18, -c + k*n = -3 - 3. Let g = 2 - c. List the prime factors of g.
2
Let d(m) = -m**3 - 13*m**2 + m + 19. Let v be d(-13). Suppose 3*p + 20 = v*p + 4*u, u = 4*p - 33. What are the prime factors of p?
2
Let t = 118 - 64. List the prime factors of t.
2, 3
Suppose -6 = p + p. Let m(o) = -4*o**3 + o**2 + 2*o + 3. Let n(c) = -5*c**3 + 2*c**2 + c + 3. Let r(d) = -4*m(d) + 3*n(d). What are the prime factors of r(p)?
3
Let x be ((-24)/(4/(-2)))/(-1). Let w(h) = h**2 + 10*h - 3. List the prime factors of w(x).
3, 7
What are the prime factors of 6*(-24)/(-9) - -1?
17
List the prime factors of (-1 + (-2)/(-6))*(0 - 123).
2, 41
Suppose 0 = -z + 3*o + 104, 5*z + 2*o - 465 = 140. What are the prime factors of z?
7, 17
Let f = 10 - 1. Let l = 38 + -40. List the prime factors of l + (f - (0 - -2)).
5
Suppose 2*m + 3*m = -35. Let w = -4 - m. What are the prime factors of w?
3
Let p(h) = -4*h**3 - 3*h**2 + 5*h - 2. Let s(m) = 9*m**3 + 5*m**2 - 10*m + 5. Let t(x) = -7*p(x) - 3*s(x). What are the prime factors of t(-5)?
7
Let v(y) = -6*y - 3. Let m be v(-3). Let l = m + -4. What are the prime factors of l?
11
Suppose 5*h - 3*h = 26. List the prime factors of h.
13
Suppose -41 - 5 = 5*q - 3*a, 3*q + 3*a + 42 = 0. Let z = -8 - q. What are the prime factors of z?
3
Let c = -3 + 3. Suppose -3*w - 14 - 4 = c. What are the prime factors of 8 - (-5)/((-10)/w)?
11
Let j be (3 + -2 - -20) + -1. Suppose -j = -3*t - 5. List the prime factors of 1/t + 